d by 9908.
6
Calculate the remainder when 221578984 is divided by 36.
28
Calculate the remainder when 137521 is divided by 133722.
3799
What is the remainder when 185224 is divided by 6180?
6004
Calculate the remainder when 34304246 is divided by 40693.
47
Calculate the remainder when 187990 is divided by 17080.
110
Calculate the remainder when 12653234 is divided by 3748.
3734
Calculate the remainder when 19800855 is divided by 6600279.
18
Calculate the remainder when 32370503 is divided by 2491.
2449
Calculate the remainder when 154341595 is divided by 749231.
9
What is the remainder when 10367618 is divided by 54?
50
Calculate the remainder when 688094 is divided by 688093.
1
What is the remainder when 10932 is divided by 924?
768
What is the remainder when 35514896 is divided by 151?
149
Calculate the remainder when 1903669 is divided by 488.
469
Calculate the remainder when 312246 is divided by 50806.
7410
What is the remainder when 1301661 is divided by 650759?
143
Calculate the remainder when 1125095 is divided by 175.
20
What is the remainder when 2636313 is divided by 75319?
148
Calculate the remainder when 134742393 is divided by 50.
43
What is the remainder when 275124 is divided by 1581?
30
Calculate the remainder when 3703961 is divided by 403.
391
Calculate the remainder when 104237639 is divided by 34745873.
20
What is the remainder when 12317908 is divided by 87361?
7
What is the remainder when 1987166 is divided by 753?
752
What is the remainder when 48296582 is divided by 69995?
32
What is the remainder when 5035305 is divided by 27?
21
What is the remainder when 520203 is divided by 3942?
3801
Calculate the remainder when 33811547 is divided by 1675.
1672
Calculate the remainder when 61643924 is divided by 16188.
20
Calculate the remainder when 30134 is divided by 1038.
32
What is the remainder when 530402 is divided by 26514?
122
Calculate the remainder when 225780 is divided by 37569.
366
What is the remainder when 22517456 is divided by 882?
878
What is the remainder when 2967611 is divided by 683?
659
Calculate the remainder when 599082 is divided by 16188.
126
Calculate the remainder when 1817396 is divided by 19966.
490
Calculate the remainder when 2919082 is divided by 17.
12
Calculate the remainder when 230192 is divided by 4415.
612
What is the remainder when 493007 is divided by 2581?
36
Calculate the remainder when 174647 is divided by 3005.
357
What is the remainder when 11386363 is divided by 56?
51
Calculate the remainder when 100057745 is divided by 2942874.
29
What is the remainder when 94186 is divided by 1953?
442
What is the remainder when 15394202 is divided by 122?
120
Calculate the remainder when 122166 is divided by 1721.
1696
What is the remainder when 10021769 is divided by 181?
161
Calculate the remainder when 407876 is divided by 3674.
62
Calculate the remainder when 290270 is divided by 96.
62
Calculate the remainder when 169237 is divided by 11953.
1895
What is the remainder when 8124403 is divided by 557?
1
Calculate the remainder when 37506 is divided by 972.
570
What is the remainder when 497447 is divided by 31088?
39
What is the remainder when 18229 is divided by 2037?
1933
Calculate the remainder when 35658922 is divided by 2735.
2727
What is the remainder when 73173559 is divided by 6955?
4
Calculate the remainder when 662571 is divided by 23662.
35
What is the remainder when 109148 is divided by 2181?
98
Calculate the remainder when 34742 is divided by 2050.
1942
What is the remainder when 908599549 is divided by 113?
110
What is the remainder when 2305244 is divided by 15166?
12
Calculate the remainder when 1628174 is divided by 77525.
149
What is the remainder when 199699965 is divided by 73?
70
What is the remainder when 16142 is divided by 5195?
557
What is the remainder when 6678460 is divided by 10165?
55
Calculate the remainder when 156775331 is divided by 157.
155
Calculate the remainder when 35809289 is divided by 1841.
1839
Calculate the remainder when 120664 is divided by 2251.
1361
Calculate the remainder when 2146505 is divided by 447.
11
What is the remainder when 128382 is divided by 20?
2
Calculate the remainder when 766653 is divided by 107.
105
What is the remainder when 1252361 is divided by 3568?
3561
What is the remainder when 32401366 is divided by 3783?
3754
What is the remainder when 157653505 is divided by 3290?
3285
What is the remainder when 5458619 is divided by 363907?
14
What is the remainder when 1939427 is divided by 27?
17
What is the remainder when 170424 is divided by 191?
52
Calculate the remainder when 372226 is divided by 829.
5
What is the remainder when 78759 is divided by 429?
252
What is the remainder when 9953 is divided by 829?
5
Calculate the remainder when 853153 is divided by 98.
63
What is the remainder when 80779306 is divided by 61?
56
What is the remainder when 1133268 is divided by 448?
276
What is the remainder when 901386 is divided by 293?
118
What is the remainder when 171008 is divided by 56124?
2636
What is the remainder when 2143405 is divided by 119076?
37
Calculate the remainder when 50505056 is divided by 17.
11
What is the remainder when 12607 is divided by 10867?
1740
Calculate the remainder when 842520 is divided by 3075.
3045
What is the remainder when 257648 is divided by 18?
14
Calculate the remainder when 13868077 is divided by 164.
73
Calculate the remainder when 3876923 is divided by 944.
859
Calculate the remainder when 3021994 is divided by 1001.
976
What is the remainder when 2086864 is divided by 1055?
74
What is the remainder when 205358 is divided by 127?
126
Calculate the remainder when 384274 is divided by 34.
6
What is the remainder when 57710 is divided by 4097?
352
Calculate the remainder when 8593 is divided by 8274.
319
Calculate the remainder when 64978283 is divided by 2953558.
7
Calculate the remainder when 2096818 is divided by 87.
31
What is the remainder when 1219213 is divided by 328?
37
Calculate the remainder when 10380512 is divided by 288347.
20
What is the remainder when 19137214 is divided by 137?
95
What is the remainder when 14069 is divided by 667?
62
Calculate the remainder when 871010 is divided by 181.
38
What is the remainder when 153770 is divided by 2886?
812
What is the remainder when 77731 is divided by 720?
691
What is the remainder when 30844478 is divided by 30844474?
4
What is the remainder when 253745 is divided by 103?
56
What is the remainder when 1268857 is divided by 923?
655
Calculate the remainder when 86847 is divided by 274.
263
Calculate the remainder when 224571480 is divided by 79.
76
Calculate the remainder when 14472368 is divided by 366.
362
What is the remainder when 545292 is divided by 350?
342
Calculate the remainder when 1157220 is divided by 96423.
144
What is the remainder when 2057318 is divided by 43755?
833
Calculate the remainder when 62627 is divided by 30644.
1339
What is the remainder when 330836687 is divided by 28?
27
What is the remainder when 42087563 is divided by 1448?
1443
Calculate the remainder when 84499172 is divided by 25.
22
What is the remainder when 17019115 is divided by 457?
435
What is the remainder when 18214112 is divided by 21?
14
What is the remainder when 49215 is divided by 2653?
1461
What is the remainder when 552903953 is divided by 979?
976
What is the remainder when 98657 is divided by 31504?
4145
Calculate the remainder when 5479541 is divided by 344.
309
What is the remainder when 22547690 is divided by 2505298?
8
What is the remainder when 1123036 is divided by 1794?
1786
Calculate the remainder when 1885914 is divided by 295.
274
What is the remainder when 206206519 is divided by 16?
7
What is the remainder when 492694 is divided by 42?
34
What is the remainder when 134606390 is divided by 17?
16
What is the remainder when 158866 is divided by 679?
659
Calculate the remainder when 1249757 is divided by 9.
8
Calculate the remainder when 75881 is divided by 75741.
140
What is the remainder when 30857 is divided by 10176?
329
Calculate the remainder when 359546 is divided by 87752.
8538
What is the remainder when 2250510 is divided by 60822?
96
Calculate the remainder when 303126 is divided by 54.
24
Calculate the re